 = 2*f - 3*x - 81, -5*f = 4*x - c. What is the remainder when f is divided by 12?
9
Let z(o) = o**3 - 10*o**2 - 7*o. Let p be z(11). Let v = p + -13. What is the remainder when v is divided by 8?
7
What is the remainder when 24 is divided by 2 + -3 + 12 - 2?
6
Suppose 0 = 5*b - m - 213, 56 + 26 = 2*b - 2*m. Calculate the remainder when b is divided by 22.
21
Let t = 120 + -62. Suppose -2*o + t = -o. What is the remainder when o is divided by 20?
18
Let h(t) = t - 2*t - 5 + 5 - 2. Let x be h(-4). Suppose 0 = -x*m - 2*m + 100. Calculate the remainder when m is divided by 9.
7
Suppose -2*g + 3*w + 25 = 0, 4*g - 4*w - 17 - 43 = 0. Let x = -134 - -191. What is the remainder when x is divided by g?
17
Suppose -3*l + 9 = -0*l. Let q(j) = j**2 + 0*j - 2*j**3 + j**3 - 2 + 2*j - l*j**2. Calculate the remainder when q(-3) is divided by 1.
0
Suppose -5*h = -19 - 61. Calculate the remainder when 62 is divided by h.
14
Let t = 7 - -12. Suppose -5*r + 2*r - 9 = 0, -4*r = -h + 23. Calculate the remainder when t is divided by h.
8
What is the remainder when 11/4 + 3/12 is divided by 3?
0
Let d(m) = -31*m**3 + m. Suppose -7*k = -3*k + 4. What is the remainder when d(k) is divided by 8?
6
Let q be -1 + 2 + 0/(-5). Let b be -155 + -1*(-2 + q). What is the remainder when 34 is divided by b/(-13) - 2/(-13)?
10
Let h be ((-9)/6)/(1/(-2)). Suppose -4*x - 4*v + 28 = 0, -3*x + h*v + 1 = -14. What is the remainder when (-49)/(-3) + (-1)/3 is divided by x?
4
Let k be (180/(-5))/(1 - 2). Let a = k - 22. Calculate the remainder when 53 is divided by a.
11
Suppose 3 + 45 = -4*x. Let m(i) = -i**2 - 11*i + 16. What is the remainder when m(x) is divided by 3?
1
Let f(a) = -3*a + 48. Calculate the remainder when f(15) is divided by 3.
0
What is the remainder when 36 is divided by 114/(-4)*16/(-24)?
17
Let p(l) = l**3 - 8*l**2 + 4*l - 4. Let z = 12 + -4. Let g be p(z). Let q = g - 17. What is the remainder when 42 is divided by q?
9
Let t = 195 - -3. What is the remainder when t is divided by 40?
38
Let o = -29 - -60. What is the remainder when 92 is divided by o?
30
What is the remainder when (-2)/5 - (-6 + 82/(-5)) is divided by 4?
2
Suppose 3*s = -2*s. Suppose 5*q = r + 56 - 5, s = 4*q + r - 39. What is the remainder when q is divided by -12*1/(-1*2)?
4
Let h(n) = n**2 - 5*n - 5. Let r be h(6). Suppose 0 = 2*b - 1 - r. Calculate the remainder when 5 - ((-136)/(-36) + (-4)/(-18)) is divided by b.
0
Let n be -3*(28/(-12) + 1). Suppose 0*t - n*t + 24 = 0. Calculate the remainder when 9 is divided by t.
3
Let l = -52 - -86. Let h = -10 - -22. What is the remainder when l is divided by h?
10
Let p be (-3)/9 - 332/(-6). Suppose q + 4*q - p = 0. What is the remainder when 21 is divided by q?
10
Suppose 0 = -2*k + 3*m + 42, -130 = -5*k - 0*k - 5*m. Suppose k = x + 3*y, y - 87 = -5*x + 47. Calculate the remainder when 78 is divided by x.
24
Let a(h) = 4*h - 3. Let z be 1 - 1 - 38/(-1). Suppose 0 = -2*w + w + z. What is the remainder when w is divided by a(4)?
12
Suppose 87 + 39 = 7*t. Calculate the remainder when 50 is divided by t.
14
Suppose 3*t - 8*t - 385 = 0. Let o = -22 - t. Let f = 32 + -13. Calculate the remainder when o is divided by f.
17
Suppose -5*s + 26 = 4*u, 2*s - 5*u = -2*s - 12. Suppose 0 = -w + 4*x - 3 + 23, -5*x = s*w - 1. Calculate the remainder when 21 is divided by w.
5
Calculate the remainder when 85 is divided by ((-4)/1)/4*-29.
27
Suppose 5*f = 2*f + 15. What is the remainder when 12 is divided by f?
2
Suppose 0 = 4*s - 10 - 2. Suppose s*v + 22 = v. Let i = 2 - v. Calculate the remainder when i is divided by 7.
6
Let f(c) = c**2 - 15*c - 30. Calculate the remainder when f(23) is divided by 31.
30
Let a(q) = q**3 - 5*q - 7. Calculate the remainder when 24 is divided by a(3).
4
Let w(k) = k**2 + 4*k + 5. Let j(d) = 7 + 2*d**2 + d - 2*d**2 - 2 + 3*d**2. What is the remainder when j(-4) is divided by w(-6)?
15
Suppose -7*g + 2*g + 20 = 0. Suppose -4*p - 8 + 48 = 0. What is the remainder when p is divided by g?
2
Suppose 5*o + 1 = 31. What is the remainder when 206/6 - 2/o is divided by 18?
16
Let i(n) = -4*n - 1. Let w be i(-4). Suppose 5*m + 0 = w. Suppose -8 + 29 = m*s. Calculate the remainder when 20 is divided by s.
6
Let n(j) = -j**3 + 7*j**2 - 4*j - 4. Let d = 7 - 1. Calculate the remainder when n(d) is divided by 5.
3
Let h = -17 + 100. Suppose 0 = -3*f + a + h, -5*a - 17 = -3*f + 62. What is the remainder when f is divided by ((-30)/8)/((-2)/8)?
13
Let g(h) = -h**3 + 6. Calculate the remainder when g(-3) is divided by 9.
6
Let q = 14 + 3. What is the remainder when q is divided by 7?
3
Suppose -2*x - 2*x + y + 239 = 0, 0 = 4*y - 20. What is the remainder when x is divided by 16?
13
Let s = -13 - -19. Let k = s - 6. Let p(z) = -z + 6. What is the remainder when 11 is divided by p(k)?
5
Let u = 28 - 20. Calculate the remainder when (-2)/(-6) + 86/3 is divided by u.
5
Suppose 2*m + 16 = 6*m. What is the remainder when 25 is divided by m?
1
Let t(o) = -o + 4. Suppose 3*f = -2*f + 25. Let j be t(f). Let w(x) = -22*x + 1. Calculate the remainder when w(j) is divided by 8.
7
Let w be -1 - 425/((-15)/3). Suppose -11*s + w = -5*s. Calculate the remainder when s is divided by 5*-2*1/(-2).
4
Suppose 3*v = 3 + 6. Suppose -4*b = -5 - 11, -t - 6 = -v*b. What is the remainder when 11 is divided by t?
5
Let t = 91 + -74. What is the remainder when 84 is divided by t?
16
Suppose 0*j + 4*j = h - 28, 5*h = 3*j + 157. Suppose -3*f = 3*x - 60, -2*f + 91 = 4*x + x. Calculate the remainder when h is divided by x.
15
Let d = -31 - -45. Calculate the remainder when 6/8 - (-776)/32 is divided by d.
11
Let y(s) = s**3 - 4*s - 6. What is the remainder when y(5) is divided by 34?
31
Let t(g) = g**2 - 3*g + 3. Let i be t(3). Suppose -i*r + 5 = 2*r. Calculate the remainder when r is divided by (2/1)/(8/4).
0
What is the remainder when ((-4)/6)/((-26)/(-39))*-1 is divided by 1?
0
Let l(p) = 17*p**2 + 2*p - 2. What is the remainder when l(2) is divided by 54/(-21)*(-21)/3?
16
Suppose -7 = -4*k + 41. What is the remainder when 22 is divided by k?
10
Let k(a) be the second derivative of a**3/6 + a**2 + a. Let c be k(-2). Suppose o - 2*o + 14 = c. What is the remainder when 27 is divided by o?
13
What is the remainder when 14 is divided by ((-2)/6)/((-8)/120)?
4
Let i = 97 - 94. Calculate the remainder when 17 is divided by i.
2
Suppose a = -4*a + 5*i + 15, -13 = -4*a + 5*i. Calculate the remainder when a is divided by 2/(-13) + ((-140)/(-65) - 1).
0
Suppose p - 2*p = 5*r - 12, p + 4 = 3*r. What is the remainder when -1 + r - 1 - -47 is divided by 24?
23
Suppose -4*j + 10*j + 90 = 0. Suppose -20 = -2*f - 3*t, -5*f + t = 3*t - 72. What is the remainder when ((-10)/(-4))/(j/(-270)) is divided by f?
13
Let k = 0 + -1. What is the remainder when 43 is divided by 92/6 + k/3?
13
Let v(g) = 2*g**2 - 9*g - 11. Calculate the remainder when v(7) is divided by 13.
11
Suppose 3*n = -n. Suppose n = 5*t - 69 - 11. Calculate the remainder when -2*(90/(-4) - 1) is divided by t.
15
Suppose -3*g = -0*g - 195. Suppose 4*j + 18 = -n + g, 5*j + 3*n = 64. Let u = 17 - j. Calculate the remainder when 23 is divided by u.
5
Let l(g) = 0 + 4*g**2 + 6 - 4 - g**3 + 2. Calculate the remainder when l(4) is divided by 2.
0
Suppose 0 = -4*p + 5*j + 868, 1072 = 5*p - 2*j - j. Let v be (3 - p/6)*3. Let d = v + 155. What is the remainder when d is divided by 20?
18
Let d(v) = v**2 - 3*v. Let o be d(5). Let a = 42 - 26. Suppose p = f - o, 5*f + p - 22 = a. Calculate the remainder when f is divided by 3.
2
Let d(j) = -15*j**3 + 2*j**2 - 2*j - 4. Calculate the remainder when 23 is divided by d(-1).
8
Suppose -2*h + h = 3*b - 39, 5*b = 3*h - 145. Suppose 5*m + 4*j = h, 0*j + 25 = -5*j. What is the remainder when 49 is divided by m?
10
Let p = 45 - 27. What is the remainder when p is divided by 10?
8
Suppose 4*o - 3*w - 84 + 21 = 0, -4*w = -3*o + 56. Calculate the remainder when 13 is divided by (-70)/(-9) + o/54.
5
Let x = -179 - -187. What is the remainder when x is divided by 4?
0
Let h(c) = -c**2 - 6*c + 3. Let y be 3/((-6)/(-2)) - 0. Suppose q + 0*b = -2*b - 3, y = b. Calculate the remainder when 15 is divided by h(q).
7
Suppose b + 14 = -4*d + 95, -5*d - 4*b + 93 = 0. Let k = -4 + d. Calculate the remainder when 2/(4/(-